alculate the remainder when 1734960 is divided by 524.
520
Calculate the remainder when 75158 is divided by 8286.
584
Calculate the remainder when 92765 is divided by 1448.
93
What is the remainder when 5724273 is divided by 660?
93
What is the remainder when 3497313 is divided by 349721?
103
What is the remainder when 2108927 is divided by 719?
100
Calculate the remainder when 21270957 is divided by 149.
15
Calculate the remainder when 615204 is divided by 2287.
1
What is the remainder when 4000066 is divided by 828?
826
What is the remainder when 296791 is divided by 3?
1
What is the remainder when 363778 is divided by 5765?
583
Calculate the remainder when 288828 is divided by 944.
908
What is the remainder when 7299140 is divided by 137718?
86
Calculate the remainder when 247722 is divided by 82490.
252
Calculate the remainder when 148236 is divided by 1489.
825
What is the remainder when 327704 is divided by 327588?
116
Calculate the remainder when 1040139 is divided by 250.
139
What is the remainder when 7999315 is divided by 1284?
1279
Calculate the remainder when 884548 is divided by 201.
148
Calculate the remainder when 496079 is divided by 1330.
1319
What is the remainder when 601939 is divided by 168?
163
What is the remainder when 114935594 is divided by 24?
2
What is the remainder when 40894 is divided by 7878?
1504
Calculate the remainder when 1679701 is divided by 4385.
246
Calculate the remainder when 1859023 is divided by 155.
108
Calculate the remainder when 7933 is divided by 3401.
1131
What is the remainder when 2046783 is divided by 2046757?
26
What is the remainder when 6897533 is divided by 444?
437
Calculate the remainder when 21572799 is divided by 60428.
3
What is the remainder when 56819832 is divided by 4612?
4604
What is the remainder when 23999632 is divided by 30?
22
Calculate the remainder when 68013754 is divided by 303.
253
What is the remainder when 5412519 is divided by 180417?
9
Calculate the remainder when 17407554 is divided by 708.
666
What is the remainder when 16808443 is divided by 79285?
23
What is the remainder when 8078679 is divided by 16972?
7
What is the remainder when 147368 is divided by 73679?
10
What is the remainder when 35425 is divided by 11779?
88
Calculate the remainder when 97021 is divided by 906.
79
Calculate the remainder when 163030 is divided by 51421.
8767
What is the remainder when 231642 is divided by 419?
354
What is the remainder when 735268 is divided by 1726?
1718
Calculate the remainder when 5187 is divided by 849.
93
What is the remainder when 71246967 is divided by 643?
638
Calculate the remainder when 541642 is divided by 4760.
3762
What is the remainder when 646712 is divided by 144?
8
What is the remainder when 15376 is divided by 3043?
161
What is the remainder when 141057 is divided by 34748?
2065
Calculate the remainder when 243595157 is divided by 3187.
3186
Calculate the remainder when 5432554 is divided by 1753.
7
What is the remainder when 116096579 is divided by 1692?
1691
Calculate the remainder when 650770 is divided by 1287.
835
Calculate the remainder when 1192412 is divided by 22498.
18
What is the remainder when 927914828 is divided by 123?
122
What is the remainder when 64772 is divided by 1623?
1475
Calculate the remainder when 2341813 is divided by 507.
487
What is the remainder when 21163414 is divided by 1152?
22
Calculate the remainder when 103872903 is divided by 18.
15
What is the remainder when 254308 is divided by 63528?
196
Calculate the remainder when 4737209 is divided by 3391.
3373
Calculate the remainder when 4120640 is divided by 81.
8
Calculate the remainder when 786870 is divided by 1102.
42
Calculate the remainder when 288274 is divided by 285286.
2988
What is the remainder when 8580019 is divided by 168?
91
Calculate the remainder when 73982420 is divided by 81.
17
What is the remainder when 928613 is divided by 928605?
8
What is the remainder when 169303 is divided by 16930?
3
Calculate the remainder when 61600237 is divided by 488.
485
What is the remainder when 11190388 is divided by 37?
34
Calculate the remainder when 36871265 is divided by 18435625.
15
Calculate the remainder when 1421563560 is divided by 7526.
7524
Calculate the remainder when 1915729057 is divided by 140.
137
Calculate the remainder when 403710 is divided by 110.
10
Calculate the remainder when 282900 is divided by 3133.
930
What is the remainder when 57454930 is divided by 152?
146
Calculate the remainder when 229089 is divided by 140.
49
Calculate the remainder when 80758 is divided by 4248.
46
Calculate the remainder when 329175 is divided by 3465.
0
What is the remainder when 4174610 is divided by 1118?
1116
What is the remainder when 20830 is divided by 19970?
860
What is the remainder when 36515419 is divided by 205?
204
What is the remainder when 28800 is divided by 3918?
1374
What is the remainder when 47754 is divided by 1087?
1013
Calculate the remainder when 740946 is divided by 897.
24
What is the remainder when 12788082 is divided by 3631?
3331
Calculate the remainder when 14085 is divided by 2053.
1767
What is the remainder when 395572 is divided by 131856?
4
What is the remainder when 116574416 is divided by 8539?
8527
What is the remainder when 16800807 is divided by 674?
9
What is the remainder when 9377821 is divided by 328?
301
What is the remainder when 105531609 is divided by 631?
14
Calculate the remainder when 778775 is divided by 1746.
59
What is the remainder when 8809 is divided by 1981?
885
What is the remainder when 2584111 is divided by 4631?
13
What is the remainder when 848439 is divided by 2402?
533
Calculate the remainder when 769651848 is divided by 110.
108
What is the remainder when 142501 is divided by 3409?
2732
Calculate the remainder when 47862 is divided by 47666.
196
What is the remainder when 1723430 is divided by 5744?
230
What is the remainder when 1383513 is divided by 20?
13
Calculate the remainder when 165956 is divided by 20507.
1900
What is the remainder when 12437261 is divided by 198?
89
What is the remainder when 292914 is divided by 163?
3
Calculate the remainder when 468364231 is divided by 21408.
7
Calculate the remainder when 10280099 is divided by 119535.
89
What is the remainder when 2750572 is divided by 1228?
1080
What is the remainder when 130338 is divided by 168?
138
What is the remainder when 2366564 is divided by 55036?
16
Calculate the remainder when 8808 is divided by 7400.
1408
What is the remainder when 6360742 is divided by 87?
85
Calculate the remainder when 45284 is divided by 1843.
1052
What is the remainder when 1014416 is divided by 3828?
3824
Calculate the remainder when 770579 is divided by 64214.
11
What is the remainder when 955575 is divided by 2425?
125
What is the remainder when 1738860 is divided by 4516?
200
Calculate the remainder when 1067675 is divided by 32286.
2237
Calculate the remainder when 5983000 is divided by 87985.
20
Calculate the remainder when 1920890 is divided by 2617.
12
What is the remainder when 1299051 is divided by 2919?
96
Calculate the remainder when 515994 is divided by 85961.
228
Calculate the remainder when 16349 is divided by 16267.
82
Calculate the remainder when 228518 is divided by 614.
110
What is the remainder when 68788790 is divided by 58?
36
What is the remainder when 460512 is divided by 230223?
66
What is the remainder when 7355504 is divided by 38918?
2
Calculate the remainder when 158124 is divided by 52677.
93
Calculate the remainder when 7022361 is divided by 134.
91
What is the remainder when 32093 is divided by 1679?
192
Calculate the remainder when 127696 is divided by 14114.
670
What is the remainder when 4658777 is divided by 1152?
89
Calculate the remainder when 790081098 is divided by 97.
93
Calculate the remainder when 91564149 is divided by 491.
14
What is the remainder when 447281 is divided by 333?
62
What is the remainder when 23680 is divided by 11825?
30
Calculate the remainder when 37746228 is divided by 410285.
8
Calculate the remainder when 65191821 is divided by 35.
16
Calculate the remainder when 17355212 is divided by 2145.
17
What is the remainder when 4542389 is divided by 378515?
209
Calculate the remainder w